. Suppose 117 = k*o - 39. What is the greatest common factor of p and o?
12
Let t = -30 + 42. Let a(g) = 3*g - 4. Let n be a(-9). Let s = n + 43. What is the highest common divisor of s and t?
12
Let m = 114 - 66. Suppose i - 2*d - 2*d = m, 0 = 2*i + 2*d - 76. Calculate the greatest common factor of 5 and i.
5
Let s = -336 + 741. Calculate the highest common divisor of 5 and s.
5
Suppose 6*q - 97 = 197. What is the greatest common factor of 1323 and q?
49
Suppose -2339 - 909 = -29*a. What is the highest common divisor of 280 and a?
56
Let y be -375*(4 - (-52)/(-12)). Let i = 83 - 58. What is the greatest common factor of y and i?
25
Let l = 15 - 6. Let k be (-3)/(-6)*6*-1. Let t be ((-198)/12)/(k/18). Calculate the greatest common divisor of t and l.
9
Let v be (-4692)/(-17) - (5 - 2). Calculate the highest common factor of v and 63.
21
Let m(y) = 11*y - 5. Let h be m(3). Let u = 316 + -204. What is the highest common divisor of u and h?
28
Let z be 9/(72/152) - (3 + -2). Let i be 0 - 0/(3*-1). Suppose i = -2*k + 4 + z. What is the greatest common divisor of k and 44?
11
Suppose r + 1 = -5*b - 2*r, b - 9 = 4*r. Let w(s) = s**2 - 4*s - 3. Let v be w(5). Suppose 0 = -3*c - v*c + 25. Calculate the highest common factor of b and c.
1
Suppose 5*u = -2*k - 42 + 133, 4*k - 195 = 3*u. Calculate the greatest common divisor of k and 32.
16
Suppose 0 = -f + 3*p - 54, -3*f + 5*p = -f + 112. Let c be 6/(-18) + f/(-9). What is the highest common divisor of 49 and c?
7
Suppose 0 = -3*a + 3, -4319 = -5*p + 9*a - 8*a. What is the greatest common factor of p and 54?
54
Let z be 2/(-7) + (-30)/(-105). Suppose z = 5*a - u - 471, -5*a + 2*u = -537 + 70. What is the greatest common factor of 19 and a?
19
Let d be (-194)/(-14) - (-15)/105. Let p = -7 - -11. Suppose 55 = 2*w - 3*x, -5*w + 193 - 38 = -p*x. Calculate the greatest common divisor of w and d.
7
Let v be (-2800)/84*(1 + 11/(-5)). What is the highest common divisor of v and 50?
10
Let p = 9 + 3. Let l = 15 - 15. Suppose 2*w = -l*w - 8, 2*z - 68 = 2*w. Calculate the highest common divisor of p and z.
6
Suppose -4*y + 61 = 29. What is the highest common factor of 252 and y?
4
Let h be 3*(-4)/(-6) - 2. Suppose -3*p = 4*q - 19 - 53, -q + 83 = 4*p. Let r = h + p. Calculate the highest common factor of 4 and r.
4
Suppose 5*u = u - 8. Let j = u + 6. Let m be (-8)/j + 1 + 10. Calculate the highest common divisor of 18 and m.
9
Let n be -15*(-5 + 8 - 4). What is the greatest common divisor of 555 and n?
15
Suppose x = 3*x - 2*y + 208, x + 98 = -5*y. Let w = -47 - x. What is the greatest common factor of 14 and w?
14
Suppose 5*t = f - 52, -t - 162 + 526 = 5*f. Let a = f + -59. What is the highest common factor of 117 and a?
13
Let c = 0 - -5. Suppose 3*d - 34 = 5*b, 2*d + c*b - 6 + 0 = 0. What is the greatest common factor of 2 and d?
2
Let o be 1/(16/6198) + 231/(-616). Calculate the greatest common factor of o and 36.
9
Let a be (1/(-2))/((-3)/336). Let i = 518 - 510. Calculate the highest common factor of a and i.
8
Let j(q) = -q - 1. Let n(f) = -f**2 - 4*f + 6. Let o be n(-6). Let s be (-112)/20 - o/10. Let i be j(s). What is the highest common divisor of 44 and i?
4
Let o = -40 + 76. Suppose -3*t + 76 = -331 - 565. Calculate the highest common divisor of t and o.
36
Suppose 5*o - 948 = 4*z, 777*z - 775*z + 378 = 2*o. Calculate the greatest common divisor of 60 and o.
12
Let o(t) = 4 - 4*t + 2*t - 2*t. Let d be o(-6). Let a = -9177 + 9219. What is the greatest common divisor of a and d?
14
Suppose 3*b - 4*b = -12. Let q be (-10 - 68/(-8))*32/(-6). Calculate the highest common divisor of b and q.
4
Suppose -16*v = 5*m - 11*v - 3175, 4*v = 9*m - 5650. What is the highest common divisor of m and 378?
126
Let s be 4 - 2 - (-8 + 4 - -2). Suppose 0 = 4*n + 179 - 51. Let l be 30/s*n/(-40). What is the highest common factor of 6 and l?
6
Suppose -2*p - 16*f + 14*f = -1308, 4*f = -p + 645. What is the highest common factor of 9 and p?
9
Let c be 351/78*(-1 + 15). Let p(i) = -i**2 + 8*i - 3. Let l be p(6). What is the greatest common factor of c and l?
9
Suppose -3*i + 4*i - 12 = 2*v, -3*i + 2*v = -44. Suppose 3*h - 2 = 190. What is the highest common divisor of i and h?
16
Suppose -748 = -t + 4*g, 87*g - 91*g + 1460 = 2*t. What is the greatest common factor of 23 and t?
23
Let l = -49 - -103. Let f be (8/3)/((-2)/l*-6). Calculate the highest common divisor of 96 and f.
12
Let w(x) = -x + 71. Let z be w(59). What is the highest common divisor of z and 1884?
12
Let k = -28 - -127. Let w = k + -43. What is the greatest common divisor of w and 28?
28
Suppose -19655 = -17*b + 16164. What is the highest common divisor of 49 and b?
49
Suppose 57*v - 770 = 52*v. What is the highest common divisor of 14 and v?
14
Let u(j) = 2*j**3 + 7*j**2 + 13*j - 96. Let s be u(8). Calculate the greatest common divisor of s and 120.
40
Let n = 381 + -363. Suppose 62 = 2*w - 226. What is the highest common divisor of w and n?
18
Suppose -44 = 4*p - 6*p. Suppose -32*s - 528 = -38*s. Calculate the greatest common factor of s and p.
22
Suppose l - 1 - 26 = 0. Let b = 25 - 10. Let j = l - b. What is the greatest common divisor of 36 and j?
12
Let x = -717 - -719. What is the greatest common factor of x and 6?
2
Let x be ((-24)/20)/(6/(-40)). Let l be (89/(-4))/(5/(-20)). Suppose -d + l = 3*d + 3*y, 2*d + 3*y - 49 = 0. Calculate the greatest common divisor of x and d.
4
Let j be -5*1836/(-85)*22/6. Calculate the highest common factor of 462 and j.
66
Let v(a) = -12*a**3 - a**2 + 1. Let d = -2 - -1. Let x be v(d). Suppose -4*n + 4*z - 16 = -40, 2*n + 2*z = x. Calculate the highest common factor of 36 and n.
6
Suppose -g = -v + 141 + 32, 0 = -5*v - 5*g + 895. Let i = v - 428. Let w be i/9*(-3 + 2). Calculate the greatest common factor of w and 84.
28
Let x be (-3 - 1) + (-1 + -3)/(-2). Let u(t) = -5*t**3 - 3*t**2 + t + 2. Let z be u(x). What is the greatest common factor of z and 4?
4
Let j(b) be the third derivative of b**5/60 + 7*b**4/24 - 2*b**2. Let v be j(-7). Suppose -i + 3*i - 20 = v. What is the greatest common divisor of i and 2?
2
Let g be -45*3/(-6 - 3). Let l = g + -17. Let s be (-338)/(-8) + l/8. What is the greatest common factor of 6 and s?
6
Suppose j = y + 14, 2*j + 3*y + 2 - 45 = 0. What is the greatest common factor of 51 and j?
17
Let w(u) = u**2 + u. Let v(h) = -5*h**2 - 3*h - 12. Let n(k) = v(k) + 6*w(k). Let m be n(-7). What is the highest common divisor of 144 and m?
16
Let d(b) = -12*b**2 - 3*b - 4. Let p be d(6). Let h = p - -686. Calculate the highest common factor of 29 and h.
29
Let s = -4563 + 9498. Suppose 4950 + 12 = -2*a + 4*m, -2*a = 5*m + s. Let k be (-6)/(-14) - a/105. What is the greatest common divisor of 3 and k?
3
Suppose 13*g + o - 146 = 11*g, -5*o - 10 = 0. What is the highest common divisor of g and 1776?
74
Let o be (-2 - -17)/((-1)/(-1)). Let l = 719 + -614. What is the greatest common factor of l and o?
15
Let w(m) = 133*m**2 + 22*m - 23. Let i be w(1). What is the highest common factor of 726 and i?
66
Suppose 7*z + 60 = 627. Calculate the greatest common factor of z and 21.
3
Let w(i) = 14*i - 92. Let s be w(24). What is the highest common factor of s and 4?
4
Let z = 4 - 0. Let i be 3/((6 + -3 - -1) + -3). Suppose -67 = -i*g - z. Calculate the highest common factor of 7 and g.
7
Suppose 0 = q, 2*c - 5 = -2*q + 1. Suppose c + 2 = -5*n, -3*m = -4*n - 58. Calculate the highest common divisor of 9 and m.
9
Let s(r) = 3*r**2 - 4*r + 1. Let c be s(3). Suppose 0 = 7*d - 11*d + 636. Suppose -t = -d - 1. What is the highest common divisor of c and t?
16
Let p = 6 + -1. Suppose 2*y - 15 = -k, 2*k + 0*y = 3*y - 5. What is the greatest common factor of p and k?
5
Let c(v) = -76*v - 10 + 78*v - 8. Let p be c(10). What is the greatest common divisor of p and 22?
2
Let c be (-1)/3 - (-245)/15. Let h = c - 3. Let u be h - 1*(-2 - -1). Calculate the highest common divisor of u and 112.
14
Let s = 254 - 251. Calculate the greatest common divisor of 51 and s.
3
Let d be 51 + 7/(42/36). What is the highest common factor of 228 and d?
57
Suppose -2 = -19*u + 17*u. Let r be (-3)/(-9) + 115/15. Calculate the greatest common factor of u and r.
1
Let t(f) = 2*f**2 - f - 1. Let n be t(5). Let i = -2 + n. Let b = 7028 + -7022.